{"id":428,"date":"2018-09-25T15:36:43","date_gmt":"2018-09-25T13:36:43","guid":{"rendered":"http:\/\/www.wunderblock.de\/wunderblock\/atopos\/WP_atopos\/?page_id=428"},"modified":"2018-09-30T21:12:15","modified_gmt":"2018-09-30T19:12:15","slug":"fuenf-fragen-an-den-praesidenten","status":"publish","type":"page","link":"https:\/\/www.wunderblock.de\/wunderblock\/atopos\/WP_atopos\/objekt\/fuenf-fragen-an-den-praesidenten\/","title":{"rendered":"F\u00fcnf Fragen an den Pr\u00e4sidenten"},"content":{"rendered":"<h1 style=\"text-align: left;\"><span style=\"color: #cc0000; font-family: open-sans;\">F\u00fcnf Fragen an den Pr\u00e4sidenten<\/span><\/h1>\n\n\t\t<style>\n            <\/style>\n\n    \n<script>\n    var GKIT_NO_PRIV_AJAX_URL = '\/wunderblock\/atopos\/WP_atopos\/wp-admin\/admin-ajax.php';\n    var CRP_DATASOURCE_8 = {};\n    var CRP_GALLERY_DATASOURCE_8 = new Array();\n<\/script>\n\n<script>var gkitPermalink = '\/wunderblock\/atopos\/WP_atopos\/wp-json\/wp\/v2\/pages\/428';<\/script><div id=\"crp-content-8\" class=\"crp-content  crp-clearfix\"><div class=\"crp-wrapper crp-wrapper-gallery\"><div data-lazy-load=\"0\" id=\"gallery-8\" class=\"gallery-8\" style=\"display:none;\"><div id=\"ftg-items\" class=\"ftg-items\"><div id=\"crp-tile-55\" class=\"crp-tile ftg- \" data-url=\"\" data-id=\"55\" data-catalog-id=\"8\"><div id='55'  class='crp-tile-inner crp-tile-pic  button06 overlay00 share20 details27 image01  ' ><img class='crp-tile-img' src='https:\/\/www.wunderblock.de\/wunderblock\/atopos\/WP_atopos\/wp-content\/uploads\/2018\/09\/fragen-2.k.jpg' alt='' title='fragen 2.k' caption='' description='' data-width='2990' data-height='2078' \/><div class='overlayM'><\/div><div class='overlayT'><\/div><div class='overlayB'><\/div><div class='overlayL'><\/div><div class='overlayR'><\/div><div class='details '><h3>Kalte K\u00f6pfe<\/h3><\/div><\/div><script>CRP_GALLERY_DATASOURCE_8.push({'facebookShareUrl': 'https:\/\/www.wunderblock.de\/wunderblock\/atopos\/WP_atopos\/wp-content\/uploads\/2018\/09\/fragen-2.k-300x208.jpg','twitterShareUrl': 'https:\/\/www.wunderblock.de\/wunderblock\/atopos\/WP_atopos\/wp-content\/uploads\/2018\/09\/fragen-2.k-300x208.jpg','pinterestShareUrl': 'https:\/\/www.wunderblock.de\/wunderblock\/atopos\/WP_atopos\/wp-content\/uploads\/2018\/09\/fragen-2.k-300x208.jpg','googleplusShareUrl': 'https:\/\/www.wunderblock.de\/wunderblock\/atopos\/WP_atopos\/wp-content\/uploads\/2018\/09\/fragen-2.k-300x208.jpg', 'tweetText': 'Kalte K\u00f6pfe', 'pinterestText': 'Kalte K\u00f6pfe','id': '55', 'src': 'https:\/\/www.wunderblock.de\/wunderblock\/atopos\/WP_atopos\/wp-content\/uploads\/2018\/09\/fragen-2.k.jpg', 'thumb': 'https:\/\/www.wunderblock.de\/wunderblock\/atopos\/WP_atopos\/wp-content\/uploads\/2018\/09\/fragen-2.k-300x208.jpg', 'subHtml': '<h4 class=\\'crp-popup-title\\'>Kalte K\u00f6pfe<\/h4>', 'downloadUrl': false});<\/script><\/div><div id=\"crp-tile-30\" class=\"crp-tile ftg- \" data-url=\"\" data-id=\"30\" data-catalog-id=\"8\"><div id='30'  class='crp-tile-inner crp-tile-pic  button06 overlay00 share20 details27 image01  ' ><img class='crp-tile-img' src='https:\/\/www.wunderblock.de\/wunderblock\/atopos\/WP_atopos\/wp-content\/uploads\/2018\/09\/fragen-4helljpg.jpg' alt='' title='fragen 4helljpg' caption='' description='' data-width='2036' data-height='3056' \/><div class='overlayM'><\/div><div class='overlayT'><\/div><div class='overlayB'><\/div><div class='overlayL'><\/div><div class='overlayR'><\/div><div class='details '><h3>Maschinentr\u00e4ume<\/h3><\/div><\/div><script>CRP_GALLERY_DATASOURCE_8.push({'facebookShareUrl': 'https:\/\/www.wunderblock.de\/wunderblock\/atopos\/WP_atopos\/wp-content\/uploads\/2018\/09\/fragen-4helljpg-200x300.jpg','twitterShareUrl': 'https:\/\/www.wunderblock.de\/wunderblock\/atopos\/WP_atopos\/wp-content\/uploads\/2018\/09\/fragen-4helljpg-200x300.jpg','pinterestShareUrl': 'https:\/\/www.wunderblock.de\/wunderblock\/atopos\/WP_atopos\/wp-content\/uploads\/2018\/09\/fragen-4helljpg-200x300.jpg','googleplusShareUrl': 'https:\/\/www.wunderblock.de\/wunderblock\/atopos\/WP_atopos\/wp-content\/uploads\/2018\/09\/fragen-4helljpg-200x300.jpg', 'tweetText': 'Maschinentr\u00e4ume', 'pinterestText': 'Maschinentr\u00e4ume','id': '30', 'src': 'https:\/\/www.wunderblock.de\/wunderblock\/atopos\/WP_atopos\/wp-content\/uploads\/2018\/09\/fragen-4helljpg.jpg', 'thumb': 'https:\/\/www.wunderblock.de\/wunderblock\/atopos\/WP_atopos\/wp-content\/uploads\/2018\/09\/fragen-4helljpg-200x300.jpg', 'subHtml': '<h4 class=\\'crp-popup-title\\'>Maschinentr\u00e4ume<\/h4>', 'downloadUrl': false});<\/script><\/div><div id=\"crp-tile-36\" class=\"crp-tile ftg- \" data-url=\"\" data-id=\"36\" data-catalog-id=\"8\"><div id='36'  class='crp-tile-inner crp-tile-pic  button06 overlay00 share20 details27 image01  ' ><img class='crp-tile-img' src='https:\/\/www.wunderblock.de\/wunderblock\/atopos\/WP_atopos\/wp-content\/uploads\/2018\/09\/fragen-3.ki_.jpg' alt='' title='fragen 3.ki' caption='' description='' data-width='3068' data-height='2071' \/><div class='overlayM'><\/div><div class='overlayT'><\/div><div class='overlayB'><\/div><div class='overlayL'><\/div><div class='overlayR'><\/div><div class='details '><h3>F\u00fcnf Fragen an den Pr\u00e4sidenten<\/h3><\/div><\/div><script>CRP_GALLERY_DATASOURCE_8.push({'facebookShareUrl': 'https:\/\/www.wunderblock.de\/wunderblock\/atopos\/WP_atopos\/wp-content\/uploads\/2018\/09\/fragen-3.ki_-300x203.jpg','twitterShareUrl': 'https:\/\/www.wunderblock.de\/wunderblock\/atopos\/WP_atopos\/wp-content\/uploads\/2018\/09\/fragen-3.ki_-300x203.jpg','pinterestShareUrl': 'https:\/\/www.wunderblock.de\/wunderblock\/atopos\/WP_atopos\/wp-content\/uploads\/2018\/09\/fragen-3.ki_-300x203.jpg','googleplusShareUrl': 'https:\/\/www.wunderblock.de\/wunderblock\/atopos\/WP_atopos\/wp-content\/uploads\/2018\/09\/fragen-3.ki_-300x203.jpg', 'tweetText': 'F\u00fcnf Fragen an den Pr\u00e4sidenten', 'pinterestText': 'F\u00fcnf Fragen an den Pr\u00e4sidenten','id': '36', 'src': 'https:\/\/www.wunderblock.de\/wunderblock\/atopos\/WP_atopos\/wp-content\/uploads\/2018\/09\/fragen-3.ki_.jpg', 'thumb': 'https:\/\/www.wunderblock.de\/wunderblock\/atopos\/WP_atopos\/wp-content\/uploads\/2018\/09\/fragen-3.ki_-300x203.jpg', 'subHtml': '<h4 class=\\'crp-popup-title\\'>F\u00fcnf Fragen an den Pr\u00e4sidenten<\/h4>', 'downloadUrl': false});<\/script><\/div><div id=\"crp-tile-37\" class=\"crp-tile ftg- \" data-url=\"\" data-id=\"37\" data-catalog-id=\"8\"><div id='37'  class='crp-tile-inner crp-tile-pic  button06 overlay00 share20 details27 image01  ' ><img class='crp-tile-img' src='https:\/\/www.wunderblock.de\/wunderblock\/atopos\/WP_atopos\/wp-content\/uploads\/2018\/09\/liegendes-fleisch.k.jpg' alt='' title='liegendes fleisch.k' caption='' description='' data-width='2811' data-height='1850' \/><div class='overlayM'><\/div><div class='overlayT'><\/div><div class='overlayB'><\/div><div class='overlayL'><\/div><div class='overlayR'><\/div><div class='details '><h3>O.T.<\/h3><\/div><\/div><script>CRP_GALLERY_DATASOURCE_8.push({'facebookShareUrl': 'https:\/\/www.wunderblock.de\/wunderblock\/atopos\/WP_atopos\/wp-content\/uploads\/2018\/09\/liegendes-fleisch.k-300x197.jpg','twitterShareUrl': 'https:\/\/www.wunderblock.de\/wunderblock\/atopos\/WP_atopos\/wp-content\/uploads\/2018\/09\/liegendes-fleisch.k-300x197.jpg','pinterestShareUrl': 'https:\/\/www.wunderblock.de\/wunderblock\/atopos\/WP_atopos\/wp-content\/uploads\/2018\/09\/liegendes-fleisch.k-300x197.jpg','googleplusShareUrl': 'https:\/\/www.wunderblock.de\/wunderblock\/atopos\/WP_atopos\/wp-content\/uploads\/2018\/09\/liegendes-fleisch.k-300x197.jpg', 'tweetText': 'O.T.', 'pinterestText': 'O.T.','id': '37', 'src': 'https:\/\/www.wunderblock.de\/wunderblock\/atopos\/WP_atopos\/wp-content\/uploads\/2018\/09\/liegendes-fleisch.k.jpg', 'thumb': 'https:\/\/www.wunderblock.de\/wunderblock\/atopos\/WP_atopos\/wp-content\/uploads\/2018\/09\/liegendes-fleisch.k-300x197.jpg', 'subHtml': '<h4 class=\\'crp-popup-title\\'>O.T.<\/h4>', 'downloadUrl': false});<\/script><\/div><div id=\"crp-tile-54\" class=\"crp-tile ftg- \" data-url=\"\" data-id=\"54\" data-catalog-id=\"8\"><div id='54'  class='crp-tile-inner crp-tile-pic  button06 overlay00 share20 details27 image01  ' ><img class='crp-tile-img' src='https:\/\/www.wunderblock.de\/wunderblock\/atopos\/WP_atopos\/wp-content\/uploads\/2018\/09\/fragen-1.k.jpg' alt='' title='fragen 1.k' caption='' description='' data-width='2856' data-height='1924' \/><div class='overlayM'><\/div><div class='overlayT'><\/div><div class='overlayB'><\/div><div class='overlayL'><\/div><div class='overlayR'><\/div><div class='details '><h3>Bestand<\/h3><\/div><\/div><script>CRP_GALLERY_DATASOURCE_8.push({'facebookShareUrl': 'https:\/\/www.wunderblock.de\/wunderblock\/atopos\/WP_atopos\/wp-content\/uploads\/2018\/09\/fragen-1.k-300x202.jpg','twitterShareUrl': 'https:\/\/www.wunderblock.de\/wunderblock\/atopos\/WP_atopos\/wp-content\/uploads\/2018\/09\/fragen-1.k-300x202.jpg','pinterestShareUrl': 'https:\/\/www.wunderblock.de\/wunderblock\/atopos\/WP_atopos\/wp-content\/uploads\/2018\/09\/fragen-1.k-300x202.jpg','googleplusShareUrl': 'https:\/\/www.wunderblock.de\/wunderblock\/atopos\/WP_atopos\/wp-content\/uploads\/2018\/09\/fragen-1.k-300x202.jpg', 'tweetText': 'Bestand', 'pinterestText': 'Bestand','id': '54', 'src': 'https:\/\/www.wunderblock.de\/wunderblock\/atopos\/WP_atopos\/wp-content\/uploads\/2018\/09\/fragen-1.k.jpg', 'thumb': 'https:\/\/www.wunderblock.de\/wunderblock\/atopos\/WP_atopos\/wp-content\/uploads\/2018\/09\/fragen-1.k-300x202.jpg', 'subHtml': '<h4 class=\\'crp-popup-title\\'>Bestand<\/h4>', 'downloadUrl': false});<\/script><\/div><\/div><\/div><\/div><\/div>\n<script>\n    gkitWinReady(function(){\n        gkitConfigureGrid(\n            8,\n            {layoutType: 2,approxTileWidth: 500,approxTileHeight: 250,addBlock1Height: false,addBlock2Height: false,freeAddBlocks: false,margin: 6,minTileWidth: 1,gridCellSize: 10,lazy: false,dontCropImage: false,columnCalcAlgo: 'Fixed',screenSizes: {kDesktopMaxWidth: 1280,kDesktopMinWidth: 769,kMobileMaxWidth: 420,lgDesktopCols: 3,desktopCols: 3,tabletCols: 3,mobileCols: 1,},},\n            {\n                kEnableGridLazyLoad : 0,\n                kDirectLinking : 0,\n                kLoadUrlBlank : 1,\n                kDisableAlbumStylePresentation : 1,\n                kViewerBackdropClass: 'crp-2-popup-backdrop',\n                albumViewerTypeIsGrid: 0            },\n            {hash: false,autoplayFirstVideo: true,videojs: true,controls: true,actualSize: false,mode: 'lg-fade',addClass: 'fixed-size fixed-size-8 crp-popup-simple-theme-dark',counter: true,subHtmlSelectorRelative: true,zoom: false,download: false,fullScreen: false,autoplayControls: false,hideBarsDelay: 300000,pager: false,startClass: '',thumbnail: false,speed: 500,share: false,showTextToggle: false,},\n            CRP_GALLERY_DATASOURCE_8,\n            CRP_DATASOURCE_8        );\n    });\n<\/script>\n\n<h4 style=\"text-align: right;\"><span style=\"color: #cc0000; font-family: open-sans;\">Holz, Fundst\u00fccke, Dispersion, Alt\u00f6l<\/span><\/h4>\n","protected":false},"excerpt":{"rendered":"<p>F\u00fcnf Fragen an den Pr\u00e4sidenten Holz, Fundst\u00fccke, Dispersion, Alt\u00f6l<\/p>\n","protected":false},"author":1,"featured_media":0,"parent":366,"menu_order":0,"comment_status":"closed","ping_status":"closed","template":"","meta":{"footnotes":""},"class_list":["post-428","page","type-page","status-publish","hentry","no-thumb"],"_links":{"self":[{"href":"https:\/\/www.wunderblock.de\/wunderblock\/atopos\/WP_atopos\/wp-json\/wp\/v2\/pages\/428","targetHints":{"allow":["GET"]}}],"collection":[{"href":"https:\/\/www.wunderblock.de\/wunderblock\/atopos\/WP_atopos\/wp-json\/wp\/v2\/pages"}],"about":[{"href":"https:\/\/www.wunderblock.de\/wunderblock\/atopos\/WP_atopos\/wp-json\/wp\/v2\/types\/page"}],"author":[{"embeddable":true,"href":"https:\/\/www.wunderblock.de\/wunderblock\/atopos\/WP_atopos\/wp-json\/wp\/v2\/users\/1"}],"replies":[{"embeddable":true,"href":"https:\/\/www.wunderblock.de\/wunderblock\/atopos\/WP_atopos\/wp-json\/wp\/v2\/comments?post=428"}],"version-history":[{"count":10,"href":"https:\/\/www.wunderblock.de\/wunderblock\/atopos\/WP_atopos\/wp-json\/wp\/v2\/pages\/428\/revisions"}],"predecessor-version":[{"id":501,"href":"https:\/\/www.wunderblock.de\/wunderblock\/atopos\/WP_atopos\/wp-json\/wp\/v2\/pages\/428\/revisions\/501"}],"up":[{"embeddable":true,"href":"https:\/\/www.wunderblock.de\/wunderblock\/atopos\/WP_atopos\/wp-json\/wp\/v2\/pages\/366"}],"wp:attachment":[{"href":"https:\/\/www.wunderblock.de\/wunderblock\/atopos\/WP_atopos\/wp-json\/wp\/v2\/media?parent=428"}],"curies":[{"name":"wp","href":"https:\/\/api.w.org\/{rel}","templated":true}]}}