{"id":3948,"date":"2025-08-22T13:14:36","date_gmt":"2025-08-22T11:14:36","guid":{"rendered":"https:\/\/www.wunderblock.de\/wunderblock\/alle-guten-geister\/wordpress_agg\/?page_id=3948"},"modified":"2025-08-22T13:25:29","modified_gmt":"2025-08-22T11:25:29","slug":"lfd-nr-55","status":"publish","type":"page","link":"https:\/\/www.wunderblock.de\/wunderblock\/alle-guten-geister\/wordpress_agg\/lfd-nr-55\/","title":{"rendered":"lfd. nr. 55"},"content":{"rendered":"<p><strong>\u00b0 Ki generiert<\/strong><\/p>\n<p>graminger bier<\/p>\n<p><strong>Analog ist besser<br \/>\n<\/strong>Digitalfotografie am Set<br \/>\nVorlagenfund im Netz; Kost\u00fcm etc. k\u00e4uflich erworben<br \/>\nA4 Ausdruck auf B\u00fctten; nummeriert und signiert<\/p>\n<p><img loading=\"lazy\" decoding=\"async\" class=\"wp-image-3955 aligncenter\" src=\"https:\/\/www.wunderblock.de\/wunderblock\/alle-guten-geister\/wordpress_agg\/wp-content\/uploads\/2025\/08\/graminger3-200x300.jpg\" alt=\"\" width=\"250\" height=\"375\" srcset=\"https:\/\/www.wunderblock.de\/wunderblock\/alle-guten-geister\/wordpress_agg\/wp-content\/uploads\/2025\/08\/graminger3-200x300.jpg 200w, https:\/\/www.wunderblock.de\/wunderblock\/alle-guten-geister\/wordpress_agg\/wp-content\/uploads\/2025\/08\/graminger3-683x1024.jpg 683w, https:\/\/www.wunderblock.de\/wunderblock\/alle-guten-geister\/wordpress_agg\/wp-content\/uploads\/2025\/08\/graminger3.jpg 709w\" sizes=\"auto, (max-width: 250px) 85vw, 250px\" \/><\/p>\n<p><img loading=\"lazy\" decoding=\"async\" class=\"alignnone wp-image-3950\" src=\"https:\/\/www.wunderblock.de\/wunderblock\/alle-guten-geister\/wordpress_agg\/wp-content\/uploads\/2025\/08\/10er_DSC4759-2-200x300.jpg\" alt=\"\" width=\"150\" height=\"225\" srcset=\"https:\/\/www.wunderblock.de\/wunderblock\/alle-guten-geister\/wordpress_agg\/wp-content\/uploads\/2025\/08\/10er_DSC4759-2-200x300.jpg 200w, https:\/\/www.wunderblock.de\/wunderblock\/alle-guten-geister\/wordpress_agg\/wp-content\/uploads\/2025\/08\/10er_DSC4759-2-683x1024.jpg 683w, https:\/\/www.wunderblock.de\/wunderblock\/alle-guten-geister\/wordpress_agg\/wp-content\/uploads\/2025\/08\/10er_DSC4759-2.jpg 709w\" sizes=\"auto, (max-width: 150px) 85vw, 150px\" \/> \u00a0 \u00a0\u00a0 \u00a0 <img loading=\"lazy\" decoding=\"async\" class=\"alignnone wp-image-3956\" src=\"https:\/\/www.wunderblock.de\/wunderblock\/alle-guten-geister\/wordpress_agg\/wp-content\/uploads\/2025\/08\/Tuerspion-300x300.png\" alt=\"\" width=\"200\" height=\"200\" srcset=\"https:\/\/www.wunderblock.de\/wunderblock\/alle-guten-geister\/wordpress_agg\/wp-content\/uploads\/2025\/08\/Tuerspion-300x300.png 300w, https:\/\/www.wunderblock.de\/wunderblock\/alle-guten-geister\/wordpress_agg\/wp-content\/uploads\/2025\/08\/Tuerspion-150x150.png 150w, https:\/\/www.wunderblock.de\/wunderblock\/alle-guten-geister\/wordpress_agg\/wp-content\/uploads\/2025\/08\/Tuerspion.png 709w\" sizes=\"auto, (max-width: 200px) 85vw, 200px\" \/> \u00a0\u00a0\u00a0 <img loading=\"lazy\" decoding=\"async\" class=\"alignnone wp-image-3951\" src=\"https:\/\/www.wunderblock.de\/wunderblock\/alle-guten-geister\/wordpress_agg\/wp-content\/uploads\/2025\/08\/10er_DSC4761-200x300.jpg\" alt=\"\" width=\"150\" height=\"225\" srcset=\"https:\/\/www.wunderblock.de\/wunderblock\/alle-guten-geister\/wordpress_agg\/wp-content\/uploads\/2025\/08\/10er_DSC4761-200x300.jpg 200w, https:\/\/www.wunderblock.de\/wunderblock\/alle-guten-geister\/wordpress_agg\/wp-content\/uploads\/2025\/08\/10er_DSC4761-683x1024.jpg 683w, https:\/\/www.wunderblock.de\/wunderblock\/alle-guten-geister\/wordpress_agg\/wp-content\/uploads\/2025\/08\/10er_DSC4761.jpg 709w\" sizes=\"auto, (max-width: 150px) 85vw, 150px\" \/><\/p>\n<p>&nbsp;<\/p>\n<p><a href=\"https:\/\/www.wunderblock.de\/wunderblock\/alle-guten-geister\/wordpress_agg\/fundus-lfd-nr-55\/\">fundus<\/a><\/p>\n","protected":false},"excerpt":{"rendered":"<p>\u00b0 Ki generiert graminger bier Analog ist besser Digitalfotografie am Set Vorlagenfund im Netz; Kost\u00fcm etc. k\u00e4uflich erworben A4 Ausdruck auf B\u00fctten; nummeriert und signiert \u00a0 \u00a0\u00a0 \u00a0 \u00a0\u00a0\u00a0 &nbsp; fundus<\/p>\n","protected":false},"author":1,"featured_media":0,"parent":0,"menu_order":0,"comment_status":"closed","ping_status":"closed","template":"","meta":{"footnotes":""},"class_list":["post-3948","page","type-page","status-publish","hentry"],"_links":{"self":[{"href":"https:\/\/www.wunderblock.de\/wunderblock\/alle-guten-geister\/wordpress_agg\/wp-json\/wp\/v2\/pages\/3948","targetHints":{"allow":["GET"]}}],"collection":[{"href":"https:\/\/www.wunderblock.de\/wunderblock\/alle-guten-geister\/wordpress_agg\/wp-json\/wp\/v2\/pages"}],"about":[{"href":"https:\/\/www.wunderblock.de\/wunderblock\/alle-guten-geister\/wordpress_agg\/wp-json\/wp\/v2\/types\/page"}],"author":[{"embeddable":true,"href":"https:\/\/www.wunderblock.de\/wunderblock\/alle-guten-geister\/wordpress_agg\/wp-json\/wp\/v2\/users\/1"}],"replies":[{"embeddable":true,"href":"https:\/\/www.wunderblock.de\/wunderblock\/alle-guten-geister\/wordpress_agg\/wp-json\/wp\/v2\/comments?post=3948"}],"version-history":[{"count":5,"href":"https:\/\/www.wunderblock.de\/wunderblock\/alle-guten-geister\/wordpress_agg\/wp-json\/wp\/v2\/pages\/3948\/revisions"}],"predecessor-version":[{"id":3968,"href":"https:\/\/www.wunderblock.de\/wunderblock\/alle-guten-geister\/wordpress_agg\/wp-json\/wp\/v2\/pages\/3948\/revisions\/3968"}],"wp:attachment":[{"href":"https:\/\/www.wunderblock.de\/wunderblock\/alle-guten-geister\/wordpress_agg\/wp-json\/wp\/v2\/media?parent=3948"}],"curies":[{"name":"wp","href":"https:\/\/api.w.org\/{rel}","templated":true}]}}