{"id":3920,"date":"2025-08-22T11:12:46","date_gmt":"2025-08-22T09:12:46","guid":{"rendered":"https:\/\/www.wunderblock.de\/wunderblock\/alle-guten-geister\/wordpress_agg\/?page_id=3920"},"modified":"2025-08-22T11:24:21","modified_gmt":"2025-08-22T09:24:21","slug":"lfd-nr-54","status":"publish","type":"page","link":"https:\/\/www.wunderblock.de\/wunderblock\/alle-guten-geister\/wordpress_agg\/lfd-nr-54\/","title":{"rendered":"lfd. nr. 54"},"content":{"rendered":"<p><strong>Maurizio Cattelan<\/strong><\/p>\n<p>Sch\u00f6nheit oder Moral?<\/p>\n<p><strong>S\u00e4ulen der Kunst<\/strong><br \/>\nDigitalfotografie am Set; Kost\u00fcme, Utensilien aus dem Fundus<br \/>\nSZ-Magazin | Interview ohne Worte<\/p>\n<p>Abz\u00fcge auf B\u00fctten, nummeriert und signiert<\/p>\n<p><img loading=\"lazy\" decoding=\"async\" class=\"aligncenter wp-image-3925 size-medium\" src=\"https:\/\/www.wunderblock.de\/wunderblock\/alle-guten-geister\/wordpress_agg\/wp-content\/uploads\/2025\/08\/cattelan4722-1-300x300.jpg\" alt=\"\" width=\"300\" height=\"300\" srcset=\"https:\/\/www.wunderblock.de\/wunderblock\/alle-guten-geister\/wordpress_agg\/wp-content\/uploads\/2025\/08\/cattelan4722-1-300x300.jpg 300w, https:\/\/www.wunderblock.de\/wunderblock\/alle-guten-geister\/wordpress_agg\/wp-content\/uploads\/2025\/08\/cattelan4722-1-1024x1024.jpg 1024w, https:\/\/www.wunderblock.de\/wunderblock\/alle-guten-geister\/wordpress_agg\/wp-content\/uploads\/2025\/08\/cattelan4722-1-150x150.jpg 150w, https:\/\/www.wunderblock.de\/wunderblock\/alle-guten-geister\/wordpress_agg\/wp-content\/uploads\/2025\/08\/cattelan4722-1-768x768.jpg 768w, https:\/\/www.wunderblock.de\/wunderblock\/alle-guten-geister\/wordpress_agg\/wp-content\/uploads\/2025\/08\/cattelan4722-1-1200x1200.jpg 1200w, https:\/\/www.wunderblock.de\/wunderblock\/alle-guten-geister\/wordpress_agg\/wp-content\/uploads\/2025\/08\/cattelan4722-1.jpg 1517w\" sizes=\"auto, (max-width: 300px) 85vw, 300px\" \/><\/p>\n<p><img loading=\"lazy\" decoding=\"async\" class=\"wp-image-3921 alignleft\" src=\"https:\/\/www.wunderblock.de\/wunderblock\/alle-guten-geister\/wordpress_agg\/wp-content\/uploads\/2025\/08\/cattelan4635-1-230x300.jpg\" alt=\"\" width=\"173\" height=\"225\" srcset=\"https:\/\/www.wunderblock.de\/wunderblock\/alle-guten-geister\/wordpress_agg\/wp-content\/uploads\/2025\/08\/cattelan4635-1-230x300.jpg 230w, https:\/\/www.wunderblock.de\/wunderblock\/alle-guten-geister\/wordpress_agg\/wp-content\/uploads\/2025\/08\/cattelan4635-1-786x1024.jpg 786w, https:\/\/www.wunderblock.de\/wunderblock\/alle-guten-geister\/wordpress_agg\/wp-content\/uploads\/2025\/08\/cattelan4635-1-768x1001.jpg 768w, https:\/\/www.wunderblock.de\/wunderblock\/alle-guten-geister\/wordpress_agg\/wp-content\/uploads\/2025\/08\/cattelan4635-1.jpg 1120w\" sizes=\"auto, (max-width: 173px) 85vw, 173px\" \/> <img loading=\"lazy\" decoding=\"async\" class=\"wp-image-3926 alignnone\" src=\"https:\/\/www.wunderblock.de\/wunderblock\/alle-guten-geister\/wordpress_agg\/wp-content\/uploads\/2025\/08\/cattelan4731-1-232x300.jpg\" alt=\"\" width=\"174\" height=\"225\" srcset=\"https:\/\/www.wunderblock.de\/wunderblock\/alle-guten-geister\/wordpress_agg\/wp-content\/uploads\/2025\/08\/cattelan4731-1-232x300.jpg 232w, https:\/\/www.wunderblock.de\/wunderblock\/alle-guten-geister\/wordpress_agg\/wp-content\/uploads\/2025\/08\/cattelan4731-1-791x1024.jpg 791w, https:\/\/www.wunderblock.de\/wunderblock\/alle-guten-geister\/wordpress_agg\/wp-content\/uploads\/2025\/08\/cattelan4731-1-768x994.jpg 768w, https:\/\/www.wunderblock.de\/wunderblock\/alle-guten-geister\/wordpress_agg\/wp-content\/uploads\/2025\/08\/cattelan4731-1.jpg 936w\" sizes=\"auto, (max-width: 174px) 85vw, 174px\" \/> \u00a0\u00a0\u00a0\u00a0\u00a0 <img loading=\"lazy\" decoding=\"async\" class=\"wp-image-3924 alignnone\" src=\"https:\/\/www.wunderblock.de\/wunderblock\/alle-guten-geister\/wordpress_agg\/wp-content\/uploads\/2025\/08\/cattelan4707-230x300.jpg\" alt=\"\" width=\"173\" height=\"225\" srcset=\"https:\/\/www.wunderblock.de\/wunderblock\/alle-guten-geister\/wordpress_agg\/wp-content\/uploads\/2025\/08\/cattelan4707-230x300.jpg 230w, https:\/\/www.wunderblock.de\/wunderblock\/alle-guten-geister\/wordpress_agg\/wp-content\/uploads\/2025\/08\/cattelan4707-786x1024.jpg 786w, https:\/\/www.wunderblock.de\/wunderblock\/alle-guten-geister\/wordpress_agg\/wp-content\/uploads\/2025\/08\/cattelan4707-768x1000.jpg 768w, https:\/\/www.wunderblock.de\/wunderblock\/alle-guten-geister\/wordpress_agg\/wp-content\/uploads\/2025\/08\/cattelan4707.jpg 893w\" sizes=\"auto, (max-width: 173px) 85vw, 173px\" \/><\/p>\n<p><img loading=\"lazy\" decoding=\"async\" class=\"wp-image-3934 alignnone\" src=\"https:\/\/www.wunderblock.de\/wunderblock\/alle-guten-geister\/wordpress_agg\/wp-content\/uploads\/2025\/08\/cattelan4750-1-230x300.jpg\" alt=\"\" width=\"173\" height=\"225\" srcset=\"https:\/\/www.wunderblock.de\/wunderblock\/alle-guten-geister\/wordpress_agg\/wp-content\/uploads\/2025\/08\/cattelan4750-1-230x300.jpg 230w, https:\/\/www.wunderblock.de\/wunderblock\/alle-guten-geister\/wordpress_agg\/wp-content\/uploads\/2025\/08\/cattelan4750-1-786x1024.jpg 786w, https:\/\/www.wunderblock.de\/wunderblock\/alle-guten-geister\/wordpress_agg\/wp-content\/uploads\/2025\/08\/cattelan4750-1-768x1001.jpg 768w, https:\/\/www.wunderblock.de\/wunderblock\/alle-guten-geister\/wordpress_agg\/wp-content\/uploads\/2025\/08\/cattelan4750-1.jpg 1063w\" sizes=\"auto, (max-width: 173px) 85vw, 173px\" \/> \u00a0 \u00a0\u00a0 <img loading=\"lazy\" decoding=\"async\" class=\"alignnone wp-image-3923\" src=\"https:\/\/www.wunderblock.de\/wunderblock\/alle-guten-geister\/wordpress_agg\/wp-content\/uploads\/2025\/08\/cattelan4689-1-231x300.jpg\" alt=\"\" width=\"174\" height=\"225\" srcset=\"https:\/\/www.wunderblock.de\/wunderblock\/alle-guten-geister\/wordpress_agg\/wp-content\/uploads\/2025\/08\/cattelan4689-1-231x300.jpg 231w, https:\/\/www.wunderblock.de\/wunderblock\/alle-guten-geister\/wordpress_agg\/wp-content\/uploads\/2025\/08\/cattelan4689-1-790x1024.jpg 790w, https:\/\/www.wunderblock.de\/wunderblock\/alle-guten-geister\/wordpress_agg\/wp-content\/uploads\/2025\/08\/cattelan4689-1-768x996.jpg 768w, https:\/\/www.wunderblock.de\/wunderblock\/alle-guten-geister\/wordpress_agg\/wp-content\/uploads\/2025\/08\/cattelan4689-1-1185x1536.jpg 1185w, https:\/\/www.wunderblock.de\/wunderblock\/alle-guten-geister\/wordpress_agg\/wp-content\/uploads\/2025\/08\/cattelan4689-1-1200x1556.jpg 1200w, https:\/\/www.wunderblock.de\/wunderblock\/alle-guten-geister\/wordpress_agg\/wp-content\/uploads\/2025\/08\/cattelan4689-1.jpg 1312w\" sizes=\"auto, (max-width: 174px) 85vw, 174px\" \/> \u00a0 \u00a0 \u00a0 <img loading=\"lazy\" decoding=\"async\" class=\"wp-image-3922 alignnone\" src=\"https:\/\/www.wunderblock.de\/wunderblock\/alle-guten-geister\/wordpress_agg\/wp-content\/uploads\/2025\/08\/cattelan4667-1-231x300.jpg\" alt=\"\" width=\"173\" height=\"225\" srcset=\"https:\/\/www.wunderblock.de\/wunderblock\/alle-guten-geister\/wordpress_agg\/wp-content\/uploads\/2025\/08\/cattelan4667-1-231x300.jpg 231w, https:\/\/www.wunderblock.de\/wunderblock\/alle-guten-geister\/wordpress_agg\/wp-content\/uploads\/2025\/08\/cattelan4667-1-789x1024.jpg 789w, https:\/\/www.wunderblock.de\/wunderblock\/alle-guten-geister\/wordpress_agg\/wp-content\/uploads\/2025\/08\/cattelan4667-1-768x996.jpg 768w, https:\/\/www.wunderblock.de\/wunderblock\/alle-guten-geister\/wordpress_agg\/wp-content\/uploads\/2025\/08\/cattelan4667-1-1184x1536.jpg 1184w, https:\/\/www.wunderblock.de\/wunderblock\/alle-guten-geister\/wordpress_agg\/wp-content\/uploads\/2025\/08\/cattelan4667-1.jpg 1191w\" sizes=\"auto, (max-width: 173px) 85vw, 173px\" \/><\/p>\n<p><a href=\"https:\/\/www.wunderblock.de\/wunderblock\/alle-guten-geister\/wordpress_agg\/2025\/08\/22\/fundus-lfd-nr-54\/\" rel=\"noopener\">fundus<\/a><\/p>\n","protected":false},"excerpt":{"rendered":"<p>Maurizio Cattelan Sch\u00f6nheit oder Moral? S\u00e4ulen der Kunst Digitalfotografie am Set; Kost\u00fcme, Utensilien aus dem Fundus SZ-Magazin | Interview ohne Worte Abz\u00fcge auf B\u00fctten, nummeriert und signiert \u00a0\u00a0\u00a0\u00a0\u00a0 \u00a0 \u00a0\u00a0 \u00a0 \u00a0 \u00a0 fundus<\/p>\n","protected":false},"author":1,"featured_media":0,"parent":0,"menu_order":0,"comment_status":"closed","ping_status":"closed","template":"","meta":{"footnotes":""},"class_list":["post-3920","page","type-page","status-publish","hentry"],"_links":{"self":[{"href":"https:\/\/www.wunderblock.de\/wunderblock\/alle-guten-geister\/wordpress_agg\/wp-json\/wp\/v2\/pages\/3920","targetHints":{"allow":["GET"]}}],"collection":[{"href":"https:\/\/www.wunderblock.de\/wunderblock\/alle-guten-geister\/wordpress_agg\/wp-json\/wp\/v2\/pages"}],"about":[{"href":"https:\/\/www.wunderblock.de\/wunderblock\/alle-guten-geister\/wordpress_agg\/wp-json\/wp\/v2\/types\/page"}],"author":[{"embeddable":true,"href":"https:\/\/www.wunderblock.de\/wunderblock\/alle-guten-geister\/wordpress_agg\/wp-json\/wp\/v2\/users\/1"}],"replies":[{"embeddable":true,"href":"https:\/\/www.wunderblock.de\/wunderblock\/alle-guten-geister\/wordpress_agg\/wp-json\/wp\/v2\/comments?post=3920"}],"version-history":[{"count":5,"href":"https:\/\/www.wunderblock.de\/wunderblock\/alle-guten-geister\/wordpress_agg\/wp-json\/wp\/v2\/pages\/3920\/revisions"}],"predecessor-version":[{"id":3943,"href":"https:\/\/www.wunderblock.de\/wunderblock\/alle-guten-geister\/wordpress_agg\/wp-json\/wp\/v2\/pages\/3920\/revisions\/3943"}],"wp:attachment":[{"href":"https:\/\/www.wunderblock.de\/wunderblock\/alle-guten-geister\/wordpress_agg\/wp-json\/wp\/v2\/media?parent=3920"}],"curies":[{"name":"wp","href":"https:\/\/api.w.org\/{rel}","templated":true}]}}